 = 4*n + 2568, -3*n + n = -3*w + 1284. Let j = 725 + n. Calculate the remainder when j is divided by s.
11
Let q be (-270)/20*4/(-6). Let x be (((-15)/q)/1 - -4)*222. Calculate the remainder when x/6 - ((-10)/6 - -2) is divided by 44.
42
Suppose 243*y - 16092 = 207*y. Calculate the remainder when 897 is divided by y.
3
Let q(m) = -11*m - 151. Suppose 8*n = -v + 3*n - 9, 5*v + 3*n = 65. Calculate the remainder when q(-18) is divided by v.
15
Suppose 0 = o - 2*o + 3*q + 33, 5*o - 182 = -2*q. Calculate the remainder when 53 is divided by o.
17
Let w(l) = 7*l**2 + 55*l - 7. Suppose -80 = 6*j - 86. What is the remainder when j is divided by w(-8)?
0
Suppose 4*v - 2*y = 292 + 250, -246 = -2*v - 4*y. What is the remainder when v is divided by 69?
64
Let z(y) = -y**3 + 10*y**2 - 8*y. Let s be z(6). Let m = s + -88. What is the remainder when (-928)/(-20) + 12/20 is divided by m?
7
Let c(n) = n**3 + 10*n**2 + 48*n + 230. Suppose -q - r - 3*r + 173 = 0, 2*r = 8. Calculate the remainder when q is divided by c(-7).
34
Let j be 14 - 19 - (1 - 10). Suppose 0*u - 2*u + 8 = 0. What is the remainder when 4/8 + 26/j is divided by u?
3
Suppose 24*j - 39*j = 11730. Let a = j - -811. What is the remainder when 287 is divided by a?
26
Let c be 9*(-2)/(-12)*(-14)/(-3). Suppose -x + 54 = c. Suppose 46 = x*b - 45*b. What is the remainder when b is divided by 8?
7
Suppose -8*i = -630 - 1274 + 544. Calculate the remainder when i is divided by 43.
41
Let r(j) = 2*j**2 - 5*j + 3. Suppose -5*k = -3*p - 24, -4*k + 3*p + 6 = -15. Calculate the remainder when 14 is divided by r(k).
2
Let u(d) be the second derivative of d**4/12 + 4*d**3/3 + d. Let w be u(-4). Let g = 30 + w. What is the remainder when 24 is divided by g?
10
Let s(o) = -661*o + 2019. What is the remainder when 25559 is divided by s(3)?
35
Let l = 215 - 88. Let c = l + -110. Calculate the remainder when 52 is divided by c.
1
Let v = -2082 - -2104. What is the remainder when 526 is divided by v?
20
Suppose 96*a - 60 = 98*a. Let z be (a/(-3))/((-4)/(-22)). Suppose -t - z = -3*q, -3*q + 2*t = -2*q - 15. Calculate the remainder when 89 is divided by q.
13
Suppose -6*h - 1620 = -11*h. Suppose -19 + 139 = v + 5*r, -3*r = 3*v - h. Let z = 4828 + -4800. What is the remainder when v is divided by z?
21
Let v(o) = 2280*o - 663. Calculate the remainder when v(2) is divided by 60.
57
Suppose -219*q + 44496 + 848367 = 0. Calculate the remainder when q is divided by 4076.
1
Let i(d) = 10*d**2 - 121*d + 17. Calculate the remainder when 10334 is divided by i(12).
4
Let i = 15441 - 13244. What is the remainder when i is divided by 437?
12
Let t(f) be the second derivative of 7*f**3/6 + 10*f**2 + 6*f. Suppose z - 39 = 5*i, 24*z - 26*z + 38 = -2*i. What is the remainder when t(15) is divided by z?
13
Let b be -4 - (-3 - (0 - 2)) - -1. Let j(a) = 8*a**2 - a + 2. Let d be j(b). Suppose 684 - d = 12*c. Calculate the remainder when c is divided by 29.
25
Suppose 4*c - 135 - 197 = -4*l, 86 = l - 2*c. Suppose -1104 = -6*b + 510. Let x = 313 - b. Calculate the remainder when l is divided by x.
40
Let o = 8630 + -8561. Calculate the remainder when 236 is divided by o.
29
Let k(p) = 16*p - 115. Let z be k(7). What is the remainder when 28/(-84) + (-211)/z is divided by 6?
4
Let s(q) = 35*q + 3 - 16*q - 10*q + 18. Calculate the remainder when s(3) is divided by 17.
14
Suppose 0 = -49*n - 1859 + 2055. Suppose 4*g + 3*l - 35 = 2*l, l = 4*g - 37. Calculate the remainder when g is divided by n.
1
Suppose -8 = -4*y, -13*y + 10*y = -s + 64. What is the remainder when 136 is divided by s?
66
Suppose 5*i - 373 = 2*o, 2*i = 2*o + o + 147. Let u be (-1 - (-2 + (-160 - 3)))*1. What is the remainder when i is divided by u/8 - (-1)/2?
12
Suppose 0 = -0*m + 3*m - 12, -5*l - 5*m + 75 = 0. What is the remainder when 36 is divided by l?
3
Let z(a) = a**3 - 11*a**2 + 16*a - 168. What is the remainder when 399 is divided by z(12)?
63
Suppose 4*m - 4*b - 170 = 2*m, -4*m - 4*b + 400 = 0. Suppose -736*k = -101*k - 22860. What is the remainder when m is divided by k?
23
Let c = -38 - -99. Suppose 0 = 5*h - 5*g - 25, 2057*h - 3*g + 113 = 2062*h. What is the remainder when c is divided by h?
13
Suppose -243 = -n - 2*n - 5*f, 0 = -4*n - 3*f + 324. Calculate the remainder when 359 is divided by n.
35
Let q = 47 - 33. Suppose -q*n + 25*n = 143. What is the remainder when 35 is divided by n?
9
Suppose -3*c - 4*s = -7*c + 64, -34*c + 2*s + 576 = 0. What is the remainder when 746 is divided by c?
15
Let v = -563 + 937. What is the remainder when v is divided by 80?
54
What is the remainder when ((-444)/(-8) + 0)/(-16*14/(-1344)) is divided by 216?
117
Let t = 6180 + -6096. Calculate the remainder when 2362 is divided by t.
10
Let j = 11995 - 9290. Calculate the remainder when j is divided by 3.
2
Let m(o) = 2*o**3 + 124*o**2 + 4*o + 303. Calculate the remainder when 363 is divided by m(-62).
33
Suppose -696 = -3*x - 5*h, 37*x - 36*x - 2*h = 243. Calculate the remainder when x is divided by 20.
17
Suppose -2*y + 4*v - 1574 = -4*y, -4*y = -6*v - 3134. Calculate the remainder when y is divided by 128.
17
What is the remainder when 92 + 36/4 - -10 is divided by (-326)/(-14) - 6/21?
19
Calculate the remainder when 3/(-8) - (14715/(-72) - -1) is divided by 11.
5
Suppose 1560*w - 1574*w + 31024 = 0. Calculate the remainder when w is divided by 111.
107
Suppose 0*c + c = 0. Suppose 7 = -n + 4*v, c = -n - 4*v + 20 - 3. Calculate the remainder when 57 is divided by 4 + (59 + -4)/n.
12
Calculate the remainder when 1660 is divided by (396/6)/((-16)/(-400)).
10
Suppose -5*x - 32 + 72 = 0. Suppose -3*d - 31 = -2*d. Let p = -10 - d. Calculate the remainder when p is divided by x.
5
Let v(h) = -10*h + 1. Suppose -5*y + a = -1230, -24*a + 28*a = -3*y + 761. Let l = 259 - y. What is the remainder when v(-3) is divided by l?
7
Suppose 29*y - 172799 = -191*y + 491821. What is the remainder when y is divided by 42?
39
Let d = 125 - 32. Let c = d + -41. Let j(m) = -2*m + 4. What is the remainder when c is divided by j(-7)?
16
Let q = 10759 - 9824. What is the remainder when q is divided by 235?
230
Suppose 0 = -4*n + 5*q - 2*q + 32, 0 = -8*n + 3*q + 64. Calculate the remainder when 1881 is divided by n.
1
Suppose -5*y = -3*u - 0*y + 106, 154 = 5*u + 3*y. Let c(b) = -11*b + 97. What is the remainder when u is divided by c(8)?
5
Suppose -88*n + 58670 = 15726. Calculate the remainder when n is divided by 101.
84
Let b(p) be the second derivative of 15/2*p**2 + 0 + 1/6*p**3 - 6*p. What is the remainder when 24 is divided by b(-8)?
3
What is the remainder when ((-92)/12 + 0)/(101/(-6363)) is divided by 158?
9
Let m = -55 + 95. Calculate the remainder when 183 is divided by m.
23
Suppose 124*i - 247*i = -90774. Calculate the remainder when i is divided by 356.
26
Suppose 16 = 3*w + 4*b, 5*w + 7*b - 12*b = 15. Suppose -w*z + 9 = -123. What is the remainder when 105 is divided by z?
6
Let b(j) = 2*j**2 + 43*j - 87. What is the remainder when 209 is divided by b(2)?
6
Suppose 3*s = -146 + 155. Suppose c - 1475 = -s*b, -4*c + 2455 = 5*b + c. Calculate the remainder when b is divided by 16.
12
Suppose 3*n + 3*l - 601 = 338, 4*n + 5*l - 1250 = 0. Let x = n + -258. What is the remainder when x is divided by 2?
1
Let y(c) = c**2 + 2*c + 5. Suppose -3*b + 26 = 5. Suppose 4*m = 12, -49*v - 4*m + 42 = -46*v. Calculate the remainder when y(b) is divided by v.
8
Let h = -12468 + 12717. Calculate the remainder when h is divided by 126.
123
Suppose -2665 = 5*f - 3*o, 80*f + 551 = 79*f - 3*o. Let g = f + 542. What is the remainder when 107 is divided by g?
5
Let t = -33075 + 33097. What is the remainder when 1157 is divided by t?
13
Suppose -14*a - 12*a + 910 = 0. Suppose 5*h = -g + a, 3*g - 1 = 4*h - 10. Calculate the remainder when 34 is divided by h.
4
Suppose 4*l - 5*i = 3057, -4*l = -19*i + 21*i - 3050. Calculate the remainder when l is divided by 15.
13
Let v be (-4)/7 - 22/(-77)*436. Suppose v + 71 = 3*o. Suppose 2*g = -2, 3*q - 4*g - 3 = 58. Calculate the remainder when o is divided by q.
8
Let n = 1211 + -2561. Let m = n - -1379. Let t = -22 + 31. What is the remainder when m is divided by t?
2
Suppose 40743 + 18665 = 94*p. What is the remainder when p is divided by 61?
22
Let g = 8 + -5. Suppose 2*